{"id":3245,"date":"2024-07-25T14:07:19","date_gmt":"2024-07-25T12:07:19","guid":{"rendered":"https:\/\/jednostki.uksw.edu.pl\/polishwnh\/?page_id=3245"},"modified":"2026-03-02T09:52:32","modified_gmt":"2026-03-02T08:52:32","slug":"https-jednostki-uksw-edu-pl-polishwnh-certyfikat-polski-2","status":"publish","type":"page","link":"https:\/\/jednostki.uksw.edu.pl\/polishwnh\/certyfikat-polski\/https-jednostki-uksw-edu-pl-polishwnh-certyfikat-polski-2\/","title":{"rendered":"Op\u0142aty"},"content":{"rendered":"\n<p>Op\u0142aty dokonywane s\u0105 w polskich z\u0142otych (PLN) wg przelicznika Narodowego Banku Polskiego z ostatniego dnia miesi\u0105ca poprzedzaj\u0105cego miesi\u0105c wp\u0142aty.<\/p>\n\n\n\n<p>Wp\u0142at nale\u017cy dokonywa\u0107 w PLN zgodnie z wytycznymi otrzymanymi od o\u015brodka egzaminuj\u0105cego, zawartymi w wiadomo\u015bci e-mail potwierdzaj\u0105cej rejestracj\u0119 i zakwalifikowanie na egzamin. Przed dokonaniem przelewu prosz\u0119 zapozna\u0107 si\u0119 z aktualnymi wysoko\u015bciami op\u0142at w z\u0142otych, podanymi poni\u017cej.<\/p>\n\n\n\n<p>Op\u0142aty dokonywane s\u0105 w polskich z\u0142otych.<\/p>\n\n\n\n<p>1 Euro = &#8230; z\u0142<\/p>\n\n\n\n<p>(przelicznik NBP, tabela nr &#8230;, przelicznik obowi\u0105zuje wp\u0142aty dokonane do dnia &#8230; r.)<\/p>\n\n\n\n<p>Zgodnie z powy\u017cszym przelicznikiem prosimy o dokonywanie nast\u0119puj\u0105cych wp\u0142at:<\/p>\n\n\n\n<p>B1 i B2 w grupie dostosowanej do potrzeb os\u00f3b doros\u0142ych \u2013 &#8230; z\u0142<\/p>\n\n\n\n<p>C1 w grupie dostosowanej do potrzeb os\u00f3b doros\u0142ych \u2013 &#8230; z\u0142<\/p>\n\n\n\n<p><\/p>\n\n\n\n<p>Wysoko\u015b\u0107 op\u0142aty za wydanie certyfikatu w PLN zostanie podana po og\u0142oszeniu wynik\u00f3w egzaminu.<\/p>\n\n\n\n<p><\/p>\n\n\n\n<p>Dane do przelewu:<\/p>\n\n\n\n<p>Santander Bank Polska S.A.<\/p>\n\n\n\n<p>Numer konta: 03 1090 1014 0000 0001 35905124<\/p>\n\n\n\n<p>IBAN: PL03 1090 1014 0000 0001 35905124<\/p>\n\n\n\n<p>BIC\/SWIFT: WBKPPLPP<\/p>\n\n\n\n<p>W\u0142a\u015bciciel konta: Uniwersytet Kardyna\u0142a Stefana Wyszy\u0144skiego w Warszawie<\/p>\n\n\n\n<p><strong>W tytule przelewu nale\u017cy poda\u0107: imi\u0119, nazwisko oraz napisa\u0107 &#8222;Certyfikat Polski&#8221;, poda\u0107 dat\u0119 sesji oraz poziom.<\/strong><\/p>\n\n\n\n<p><\/p>\n\n\n\n<p><\/p>\n\n\n\n<p><a href=\"https:\/\/certyfikatpolski.pl\/o-egzaminie\/oplaty-za-egzamin\">https:\/\/certyfikatpolski.pl\/o-egzaminie\/oplaty-za-egzamin<\/a><\/p>\n\n\n\n<p><\/p>\n","protected":false},"excerpt":{"rendered":"<p>Op\u0142aty dokonywane s\u0105 w polskich z\u0142otych (PLN) wg przelicznika Narodowego Banku Polskiego z ostatniego dnia miesi\u0105ca poprzedzaj\u0105cego miesi\u0105c wp\u0142aty. Wp\u0142at nale\u017cy dokonywa\u0107 w PLN zgodnie z wytycznymi otrzymanymi od o\u015brodka egzaminuj\u0105cego, zawartymi w wiadomo\u015bci e-mail potwierdzaj\u0105cej rejestracj\u0119 i zakwalifikowanie na egzamin. Przed dokonaniem przelewu prosz\u0119 zapozna\u0107 si\u0119 z aktualnymi wysoko\u015bciami op\u0142at w z\u0142otych, podanymi poni\u017cej. [&hellip;]<\/p>\n","protected":false},"author":3,"featured_media":0,"parent":3243,"menu_order":0,"comment_status":"closed","ping_status":"closed","template":"page-templates\/template-sub-page.php","meta":{"_acf_changed":false,"inline_featured_image":false,"footnotes":"","_links_to":"","_links_to_target":""},"class_list":["post-3245","page","type-page","status-publish","hentry"],"acf":[],"_links":{"self":[{"href":"https:\/\/jednostki.uksw.edu.pl\/polishwnh\/wp-json\/wp\/v2\/pages\/3245","targetHints":{"allow":["GET"]}}],"collection":[{"href":"https:\/\/jednostki.uksw.edu.pl\/polishwnh\/wp-json\/wp\/v2\/pages"}],"about":[{"href":"https:\/\/jednostki.uksw.edu.pl\/polishwnh\/wp-json\/wp\/v2\/types\/page"}],"author":[{"embeddable":true,"href":"https:\/\/jednostki.uksw.edu.pl\/polishwnh\/wp-json\/wp\/v2\/users\/3"}],"replies":[{"embeddable":true,"href":"https:\/\/jednostki.uksw.edu.pl\/polishwnh\/wp-json\/wp\/v2\/comments?post=3245"}],"version-history":[{"count":9,"href":"https:\/\/jednostki.uksw.edu.pl\/polishwnh\/wp-json\/wp\/v2\/pages\/3245\/revisions"}],"predecessor-version":[{"id":3395,"href":"https:\/\/jednostki.uksw.edu.pl\/polishwnh\/wp-json\/wp\/v2\/pages\/3245\/revisions\/3395"}],"up":[{"embeddable":true,"href":"https:\/\/jednostki.uksw.edu.pl\/polishwnh\/wp-json\/wp\/v2\/pages\/3243"}],"wp:attachment":[{"href":"https:\/\/jednostki.uksw.edu.pl\/polishwnh\/wp-json\/wp\/v2\/media?parent=3245"}],"curies":[{"name":"wp","href":"https:\/\/api.w.org\/{rel}","templated":true}]}}