{"id":3243,"date":"2024-07-25T14:06:42","date_gmt":"2024-07-25T12:06:42","guid":{"rendered":"https:\/\/jednostki.uksw.edu.pl\/polishwnh\/?page_id=3243"},"modified":"2026-02-26T14:35:51","modified_gmt":"2026-02-26T13:35:51","slug":"certyfikat-polski","status":"publish","type":"page","link":"https:\/\/jednostki.uksw.edu.pl\/polishwnh\/certyfikat-polski\/","title":{"rendered":"Certyfikat polski"},"content":{"rendered":"\n<p><strong>EGZAMINY CERTYFIKATOWE Z J\u0118ZYKA POLSKIEGO JAKO OBCEGO<\/strong><\/p>\n\n\n\n<p>Uniwersytet Kardyna\u0142a Stefana Wyszy\u0144skiego w Warszawie&nbsp;<strong>ma uprawnienia do organizowania pa\u0144stwowych egzamin\u00f3w z j\u0119zyka polskiego jako obcego<\/strong>&nbsp;na poziomach:<\/p>\n\n\n\n<p>B1, B2, C1 i C2 \u2013 dla grupy dostosowanej do potrzeb os\u00f3b doros\u0142ych.<br>B1 i B2 \u2013 dla grupy dostosowanej do potrzeb dzieci i m\u0142odzie\u017cy.<\/p>\n\n\n\n<p><strong>REJESTRACJA<\/strong><\/p>\n\n\n\n<p>Rejestracja na&nbsp;<strong>pa\u0144stwowy egzamin certyfikatowy<\/strong>&nbsp;z j\u0119zyka polskiego w terminie&nbsp;<strong>25-26 kwietnia 2026 roku<\/strong>&nbsp;(sobota \u2013 niedziela) <strong>poziom B1, B2 i C1<\/strong> \u2013 w grupie dostosowanej do potrzeb os\u00f3b doros\u0142ych&nbsp;zostanie uruchomiona<strong> 25.02.2026 r. o godzinie 12:00<\/strong>.<\/p>\n\n\n\n<p>Rejestracja potrwa do wype\u0142nienia limitu miejsc.&nbsp;<\/p>\n\n\n\n<p><\/p>\n\n\n\n<h2 class=\"wp-block-heading\"><strong>LINKI DO REJESTRACJI<\/strong> &#8211; brak wolnych miejsc. Zosta\u0142 wype\u0142niony limit.<\/h2>\n\n\n\n<p><strong>Egzamin certyfikatowy z j\u0119zyka polskiego poziom B1 dostosowany do potrzeb os\u00f3b doros\u0142ych:<\/strong> <\/p>\n\n\n\n<p><strong>Egzamin certyfikatowy z j\u0119zyka polskiego poziom B2 dostosowany do potrzeb os\u00f3b doros\u0142ych:<\/strong> <\/p>\n\n\n\n<p><strong>Egzamin certyfikatowy z j\u0119zyka polskiego poziom C1 dostosowany do potrzeb os\u00f3b doros\u0142ych:<\/strong><\/p>\n\n\n\n<p><\/p>\n\n\n\n<p>Wa\u017cne! Liczba miejsc jest ograniczona. Decyduje kolejno\u015b\u0107 zg\u0142osze\u0144.&nbsp;<\/p>\n\n\n\n<p>Potwierdzenie o zakwalifikowaniu, op\u0142atach, a nast\u0119pnie o przyj\u0119ciu na egzamin otrzymacie Pa\u0144stwo w wiadomo\u015bci e-mail.&nbsp;<\/p>\n\n\n\n<p>Kursy przygotowawcze odbywaj\u0105 si\u0119 online.<\/p>\n\n\n\n<p>Egzamin zostanie przeprowadzony w siedzibie Uniwersytetu Kardyna\u0142a Stefana Wyszy\u0144skiego w Warszawie mieszcz\u0105cej si\u0119 przy ulicy Dewajtis 5.<\/p>\n\n\n\n<p>Egzaminy oparte s\u0105 na europejskich standardach wymaga\u0144 egzaminacyjnych zgodnych z zaleceniami Rady Europy. Odbywaj\u0105 si\u0119 wed\u0142ug harmonogramu ustalanego przez Pa\u0144stwow\u0105 Komisj\u0119 ds. Po\u015bwiadczania Znajomo\u015bci J\u0119zyka Polskiego jako Obcego.<\/p>\n\n\n\n<p><strong>Certyfikat uzyskany po zdaniu egzaminu jest&nbsp;jedynym pa\u0144stwowym dokumentem po\u015bwiadczaj\u0105cym znajomo\u015b\u0107 j\u0119zyka polskiego<\/strong>&nbsp;na okre\u015blonym poziomie zaawansowania j\u0119zykowego.<\/p>\n\n\n\n<p>Do egzamin\u00f3w mog\u0105 przyst\u0105pi\u0107 wszyscy cudzoziemcy i obywatele polscy na sta\u0142e zamieszkali za granic\u0105, zainteresowani udokumentowaniem stopnia swojej bieg\u0142o\u015bci w j\u0119zyku polskim.<\/p>\n\n\n\n<p><strong>Przydatne linki i adresy:<\/strong><\/p>\n\n\n\n<p>Informacje o egzaminie (informacje og\u00f3lne, regulamin, jak si\u0119 przygotowa\u0107 do egzaminu, itp.):&nbsp;<a href=\"https:\/\/certyfikatpolski.pl\/\">https:\/\/certyfikatpolski.pl\/<\/a><\/p>\n\n\n\n<p>Sekretariat Pa\u0144stwowej Komisji ds. Po\u015bwiadczania Znajomo\u015bci J\u0119zyka Polskiego Jako Obcego ul. Polna 40, 00-635 Warszawa:&nbsp;<a href=\"https:\/\/nawa.gov.pl\/\">https:\/\/nawa.gov.pl\/<\/a><\/p>\n","protected":false},"excerpt":{"rendered":"<p>EGZAMINY CERTYFIKATOWE Z J\u0118ZYKA POLSKIEGO JAKO OBCEGO Uniwersytet Kardyna\u0142a Stefana Wyszy\u0144skiego w Warszawie&nbsp;ma uprawnienia do organizowania pa\u0144stwowych egzamin\u00f3w z j\u0119zyka polskiego jako obcego&nbsp;na poziomach: B1, B2, C1 i C2 \u2013 dla grupy dostosowanej do potrzeb os\u00f3b doros\u0142ych.B1 i B2 \u2013 dla grupy dostosowanej do potrzeb dzieci i m\u0142odzie\u017cy. REJESTRACJA Rejestracja na&nbsp;pa\u0144stwowy egzamin certyfikatowy&nbsp;z j\u0119zyka polskiego [&hellip;]<\/p>\n","protected":false},"author":3,"featured_media":0,"parent":0,"menu_order":0,"comment_status":"closed","ping_status":"closed","template":"page-templates\/template-sub-page.php","meta":{"_acf_changed":false,"inline_featured_image":false,"footnotes":"","_links_to":"","_links_to_target":""},"class_list":["post-3243","page","type-page","status-publish","hentry"],"acf":[],"_links":{"self":[{"href":"https:\/\/jednostki.uksw.edu.pl\/polishwnh\/wp-json\/wp\/v2\/pages\/3243","targetHints":{"allow":["GET"]}}],"collection":[{"href":"https:\/\/jednostki.uksw.edu.pl\/polishwnh\/wp-json\/wp\/v2\/pages"}],"about":[{"href":"https:\/\/jednostki.uksw.edu.pl\/polishwnh\/wp-json\/wp\/v2\/types\/page"}],"author":[{"embeddable":true,"href":"https:\/\/jednostki.uksw.edu.pl\/polishwnh\/wp-json\/wp\/v2\/users\/3"}],"replies":[{"embeddable":true,"href":"https:\/\/jednostki.uksw.edu.pl\/polishwnh\/wp-json\/wp\/v2\/comments?post=3243"}],"version-history":[{"count":16,"href":"https:\/\/jednostki.uksw.edu.pl\/polishwnh\/wp-json\/wp\/v2\/pages\/3243\/revisions"}],"predecessor-version":[{"id":3394,"href":"https:\/\/jednostki.uksw.edu.pl\/polishwnh\/wp-json\/wp\/v2\/pages\/3243\/revisions\/3394"}],"wp:attachment":[{"href":"https:\/\/jednostki.uksw.edu.pl\/polishwnh\/wp-json\/wp\/v2\/media?parent=3243"}],"curies":[{"name":"wp","href":"https:\/\/api.w.org\/{rel}","templated":true}]}}

<p><strong>EGZAMINY CERTYFIKATOWE Z JĘZYKA POLSKIEGO JAKO OBCEGO</strong></p>



<p>Uniwersytet Kardynała Stefana Wyszyńskiego w Warszawie&nbsp;<strong>ma uprawnienia do organizowania państwowych egzaminów z języka polskiego jako obcego</strong>&nbsp;na poziomach:</p>



<p>B1, B2, C1 i C2 – dla grupy dostosowanej do potrzeb osób dorosłych.<br>B1 i B2 – dla grupy dostosowanej do potrzeb dzieci i młodzieży.</p>



<p><strong>REJESTRACJA</strong></p>



<p>Rejestracja na&nbsp;<strong>państwowy egzamin certyfikatowy</strong>&nbsp;z języka polskiego w terminie&nbsp;<strong>25-26 kwietnia 2026 roku</strong>&nbsp;(sobota – niedziela) <strong>poziom B1, B2 i C1</strong> – w grupie dostosowanej do potrzeb osób dorosłych&nbsp;zostanie uruchomiona<strong> 25.02.2026 r. o godzinie 12:00</strong>.</p>



<p>Rejestracja potrwa do wypełnienia limitu miejsc.&nbsp;</p>



<p></p>



<h2 class="wp-block-heading"><strong>LINKI DO REJESTRACJI</strong> &#8211; brak wolnych miejsc. Został wypełniony limit.</h2>



<p><strong>Egzamin certyfikatowy z języka polskiego poziom B1 dostosowany do potrzeb osób dorosłych:</strong> </p>



<p><strong>Egzamin certyfikatowy z języka polskiego poziom B2 dostosowany do potrzeb osób dorosłych:</strong> </p>



<p><strong>Egzamin certyfikatowy z języka polskiego poziom C1 dostosowany do potrzeb osób dorosłych:</strong></p>



<p></p>



<p>Ważne! Liczba miejsc jest ograniczona. Decyduje kolejność zgłoszeń.&nbsp;</p>



<p>Potwierdzenie o zakwalifikowaniu, opłatach, a następnie o przyjęciu na egzamin otrzymacie Państwo w wiadomości e-mail.&nbsp;</p>



<p>Kursy przygotowawcze odbywają się online.</p>



<p>Egzamin zostanie przeprowadzony w siedzibie Uniwersytetu Kardynała Stefana Wyszyńskiego w Warszawie mieszczącej się przy ulicy Dewajtis 5.</p>



<p>Egzaminy oparte są na europejskich standardach wymagań egzaminacyjnych zgodnych z zaleceniami Rady Europy. Odbywają się według harmonogramu ustalanego przez Państwową Komisję ds. Poświadczania Znajomości Języka Polskiego jako Obcego.</p>



<p><strong>Certyfikat uzyskany po zdaniu egzaminu jest&nbsp;jedynym państwowym dokumentem poświadczającym znajomość języka polskiego</strong>&nbsp;na określonym poziomie zaawansowania językowego.</p>



<p>Do egzaminów mogą przystąpić wszyscy cudzoziemcy i obywatele polscy na stałe zamieszkali za granicą, zainteresowani udokumentowaniem stopnia swojej biegłości w języku polskim.</p>



<p><strong>Przydatne linki i adresy:</strong></p>



<p>Informacje o egzaminie (informacje ogólne, regulamin, jak się przygotować do egzaminu, itp.):&nbsp;<a href="https://certyfikatpolski.pl/">https://certyfikatpolski.pl/</a></p>



<p>Sekretariat Państwowej Komisji ds. Poświadczania Znajomości Języka Polskiego Jako Obcego ul. Polna 40, 00-635 Warszawa:&nbsp;<a href="https://nawa.gov.pl/">https://nawa.gov.pl/</a></p>

<p>EGZAMINY CERTYFIKATOWE Z JĘZYKA POLSKIEGO JAKO OBCEGO Uniwersytet Kardynała Stefana Wyszyńskiego w Warszawie&nbsp;ma uprawnienia do organizowania państwowych egzaminów z języka polskiego jako obcego&nbsp;na poziomach: B1, B2, C1 i C2 – dla grupy dostosowanej do potrzeb osób dorosłych.B1 i B2 – dla grupy dostosowanej do potrzeb dzieci i młodzieży. REJESTRACJA Rejestracja na&nbsp;państwowy egzamin certyfikatowy&nbsp;z języka polskiego [&hellip;]</p>
